 - 17*j = 30. Let z(k) be the third derivative of k**5/60 + k**4/8 - 2*k**3/3 - k**2. Give z(j).
14
Let m(f) = 7*f**2 + 16*f + 2. Let x(u) = u**2 + u - 1. Let p(l) = m(l) - 6*x(l). Determine p(-10).
8
Let b(k) = -7*k**2 + 15 + 14 + k**3 - 2*k - 37. Determine b(7).
-22
Suppose 0 = -2*h + 3*h - 2*j - 14, h + 5*j = -21. Suppose -3*s = -h*k - 1, 2*s = -0*s + 4*k + 6. Let i(x) = 2*x + 2. What is i(s)?
-8
Let t(k) = -7*k**2 - k**3 + 3 + 16*k**2 - 7*k - 16*k**2. Calculate t(-6).
9
Let v(t) = -2*t**2 + 25*t + 15. Let o be v(13). Let p(z) = 32 - 39 - 12*z**2 + 11*z**o + 8*z. Calculate p(7).
0
Let i(u) = -u**2 - 7*u - 5. Let z(y) = -y**2 - 2*y - 4. Let w be z(0). What is i(w)?
7
Let a(q) = q**3 + 6*q**2 - 8*q. Let c be 14*(-14)/16*-4*1. Suppose -c*u + 45*u - 28 = 0. Give a(u).
7
Let i be ((-24)/(-20) - 0)*5. Let k be (-62)/(-3) - i/9. Suppose -k = 3*m - 8. Let d(v) = -3*v - 5. Determine d(m).
7
Let i(n) be the second derivative of n**5/20 + 2*n**4/3 + 5*n**3/3 - n**2 - 100*n + 1. Give i(-7).
-23
Let q(r) = r**2 - 2. Let z(b) = b**3 + 7*b**2 + 6*b + 2. Let s = 1 - 15. Let u = 8 + s. Let f be z(u). What is q(f)?
2
Let r(g) = g**3 + g**2 + 2*g - 4. Let p(o) = 2*o**3 - o**2 - 4. Let w(m) = 2*p(m) - 3*r(m). Calculate w(6).
4
Let v(i) = 12*i**2 + 1633*i - 1650*i - 18*i**2 + 4. What is v(-3)?
1
Let c(j) = -j**2 + 7*j - 8. Let k be c(5). Let o(x) be the third derivative of 7/6*x**3 + 0*x + 3*x**k - 1/24*x**4 + 0. Give o(5).
2
Let c(p) = -19*p - 9. Let n(f) = 33*f + 18. Let q(m) = -7*c(m) - 4*n(m). Give q(-5).
-14
Let s(m) be the first derivative of m**4/4 - 8*m**3/3 + 15*m**2/2 + 4*m - 293. Calculate s(5).
4
Let g(j) be the third derivative of 1/12*j**5 + 0*j + 0 - 7*j**2 + 2/3*j**3 + 1/120*j**6 + 1/12*j**4. Let a = -13 + 9. What is g(a)?
12
Let f(y) = 98*y - 285. Let d be f(3). Let q(g) = -g**3 + 9*g**2 + 2*g - 13. Give q(d).
5
Let x(b) = 666*b**2 + 0*b - 671*b**2 - b - 2*b + 4. What is x(-3)?
-32
Let g(o) = -4*o**2. Suppose 4*m + z + 5 = 8*m, -5*m = 2*z - 3. Calculate g(m).
-4
Let s(a) be the first derivative of -a**4/4 - 4*a**3/3 + a**2/2 + a + 4. Let i(f) = -4 + f + 0 + 4*f - 3*f. Let k be i(0). What is s(k)?
-3
Let t(u) be the third derivative of u**5/30 + 11*u**4/24 - 5*u**3/6 + u**2 - 145. What is t(-8)?
35
Let q(j) = 3 - 4 + 7 + 2*j**3 + 7*j**2 + 2*j - j**3. Let z be ((-14)/(-7) - (0 - 0)) + -9. What is q(z)?
-8
Let w(n) = -17*n + 4. Suppose 5*b + 27 = 3*q - 7*q, -3*q - 12 = b. Determine w(q).
55
Let r(w) = 2 + 24*w**3 - 23*w**3 + 0 - 4*w. What is r(3)?
17
Let f(v) = 2*v - 4. Let a be f(9). Let s be ((-10)/a)/((-4)/28). Let t(b) be the second derivative of -b**3/6 - b**2 - 2*b. Give t(s).
-7
Suppose 25 = 5*j + r, -8*j = -7*j - r - 11. Let y(b) = b**2 - 7*b - 4. Give y(j).
-10
Let s(i) = -13*i**2 - i**3 - 342 - 333 - 14*i + 664. Determine s(-12).
13
Let d(i) be the third derivative of i**4/4 + 4*i**3/3 - 8*i**2. Let h(c) = -5*c - 6. Let x(t) = 4*d(t) + 5*h(t). Determine x(-2).
4
Let a(d) = -d**2 + 8*d - 1. Let l be 4 - (5 - 3)*(-2)/1. Calculate a(l).
-1
Let i = -10 - -10. Suppose i = -3*p + 9. Let m(u) = 0*u**2 + 3*u + 1 - 5*u + u**2. Give m(p).
4
Let x(n) = -36*n**3 + 1 - 9*n**2 + 9*n**2 + 5*n - 3*n. What is x(-1)?
35
Let o(b) = -b**3 - 16*b**2 - 30*b - 47. Let w be o(-14). Let p(k) = -2*k - 30. Determine p(w).
8
Let d(k) be the third derivative of k**6/120 - 2*k**5/15 + k**4/24 - 4*k**3/3 + 12*k**2 + 5. Give d(8).
0
Let p(a) = 15*a**2 + a. Let f = -33 + 37. Suppose -2*i = -i - 3*g - f, -2*g = 2*i. Calculate p(i).
16
Let h(c) = -c**2 - 2*c - 2. Let k = -30 + 31. Let p(i) = -i - 1. Let u(w) = k*h(w) - 2*p(w). Let l be 2/(-2)*(2 + 0). Calculate u(l).
-4
Let w(r) be the first derivative of r**5/60 - r**4/12 - 5*r**3/6 - 15*r**2 + 33. Let a(y) be the second derivative of w(y). What is a(4)?
3
Let h(j) = 2*j - j - 14 - 2 - 4 - 2. Calculate h(0).
-22
Let f(s) = -4 + 5*s + 0 + 5. Suppose 3 - 71 = -68*q. What is f(q)?
6
Let s(v) = 29*v + 202. Let g be s(-7). Let j(y) = 19*y**3 - 2*y**2 - 2*y - 1. Give j(g).
-20
Let l(k) be the third derivative of k**5/120 - 2*k**3/3 + 9*k**2. Let h(m) be the first derivative of l(m). What is h(4)?
4
Suppose 60 - 68 = -i. Let p(h) = -h**3 + 8*h**2 - 2*h + 9. What is p(i)?
-7
Let h(x) be the first derivative of 5*x**4/4 - x**3/3 - x**2/2 + x - 170. Let o = -34 - -49. Suppose -i - 3*r = 2*i - o, -8 = -2*r. Give h(i).
4
Let k(d) = -2 + 2*d - 11 + 3 + 6. Calculate k(-5).
-14
Let z(r) = -r**3 - r**2 + 7*r + 2. Let s be 6*(30/4 + -8). What is z(s)?
-1
Let i be 9*-1*1/3. Let w be 0 + (4 - 7) + i. Let f(a) = a**2 + 8*a + 5. What is f(w)?
-7
Let g(q) = -2*q**2 + 30*q + 27. Let s be (-248)/93*(-24)/4. Calculate g(s).
-5
Let n be 10 - (-3 - (-4 - 1)). Let v(b) be the third derivative of -1/60*b**5 + 0*b + 0 + 7/6*b**3 + 1/3*b**4 - 2*b**2. What is v(n)?
7
Let g(r) = 1048*r + 42 - 2095*r + 1045*r. What is g(19)?
4
Let c = 27 - 12. Let x(o) = -o**3 + 16*o**2 - 17*o + 36. Let q be x(c). Let j(y) = y**2 - 6*y + 8. Give j(q).
8
Let d(z) = -3*z**3 - 6*z**2 - 2*z - 7. Let g(w) = -4*w**3 - 7*w**2 - w - 6. Let j(c) = 3*d(c) - 2*g(c). Determine j(-4).
7
Let y(p) = p**3 + 7*p**2 + 5*p + 9. Let n = -168 + 161. Give y(n).
-26
Suppose 17*v = v. Let d(n) = n**3 + n**2 + n + 6. Determine d(v).
6
Let k = 13 - 7. Let j(r) = 3*r - k*r + 2*r. Let t be j(4). Let z(s) = s**3 + 3*s**2 - 2*s + 1. Determine z(t).
-7
Let j(y) be the second derivative of -y**6/360 - y**5/120 - 11*y**3/6 - y. Let v(c) be the second derivative of j(c). What is v(3)?
-12
Suppose 4 = -2*t + 12. Suppose -5*m = -t*m - 3. Suppose 0 = -3*h - 4*g + 25, -6*h + m*h = -g - 5. Let j(s) = s - 5. Determine j(h).
-2
Let t be (-4)/(-12)*(-60)/(-5). Let n(b) = b**2 - b**3 - b - 3*b**2 + t*b. Give n(-3).
0
Let q(i) be the third derivative of -9*i**2 + 0 - 1/24*i**4 + 1/40*i**5 + i**3 + 0*i. Let j(s) be the first derivative of q(s). What is j(2)?
5
Let w(z) = -z**2 - 10*z + 12. Let l be w(-11). Let t be 10/(-25) + -1 + (-14)/(-10). Let y(r) = r + 3 - 5 - 3*r**2 + t + 1. What is y(l)?
-3
Let u(c) = 4*c**3 - 4*c**2 - 8*c. Let f(t) = -t**3 + t**2 + 2*t. Let l(j) = -5*f(j) - u(j). What is l(2)?
0
Suppose 20 = -4*q, 9*q - 4*q = -3*n - 4. Let t = n - 5. Let y(w) = -w - w**t - 2*w - 5 + 4*w. What is y(0)?
-5
Let l(u) be the first derivative of -5*u**2 - 4*u - 1097. Give l(4).
-44
Let g(p) be the first derivative of -3*p**2/2 - 15*p + 185. Give g(-7).
6
Let l(b) = b**2 - 7*b + 4. Suppose 6*i = 7*i + 18. Let k = -17 - i. Suppose 4*w - 25 = -k. Determine l(w).
-2
Let a(f) = 10*f**2 + 2*f - 1375*f**3 - 4 + 686*f**3 + 688*f**3. What is a(10)?
16
Let q(u) = 19 - 7 + 2*u**2 - 9 + 10*u**3 + 2*u - 2. What is q(-1)?
-9
Let r(k) = k**3 + 8*k**2 + 9*k + 9. Suppose -5*y + 78 = 113. Give r(y).
-5
Let y(b) = 39 - 67*b + 20*b + 12*b + 15*b + 21*b. Give y(0).
39
Let o(k) = 15*k**2 + 130*k - 4. Let f(c) = -7*c**2 - 60*c + 2. Let h(g) = 13*f(g) + 6*o(g). Determine h(-3).
-7
Let t(r) = -4*r - 5. Suppose -3*n + 2*n - 4*m = -20, 0 = 2*n - 2*m. Calculate t(n).
-21
Let w(c) be the first derivative of -c**3/3 - 3*c**2 - 2*c - 1. Suppose 4*h - 24 = -4. Suppose 0 = -h*d + 12 - 37. What is w(d)?
3
Let f(d) be the third derivative of 7*d**5/30 - 2*d**2. Suppose 8*q = -98 + 106. Give f(q).
14
Suppose 4*x + 4 + 8 = 0. Let y(d) be the second derivative of 1/12*d**4 - 2*d**2 + 5/6*d**3 + d + 0. Give y(x).
-10
Let w(f) = 13*f**2 - 7*f + 18. Let x(d) = 17*d**2 - 6*d + 19. Let o(c) = 4*w(c) - 3*x(c). Give o(10).
15
Let v(l) = 3*l - 21. Let m be 15/2 - (-126)/(-84). What is v(m)?
-3
Let h(v) be the second derivative of -10*v - 11/6*v**3 + 0 + 0*v**2. What is h(2)?
-22
Let d(h) = -3*h**3 + 9*h**2 - 1. Let v(m) = -8*m**3 + 26*m**2 - m - 2. Let w(c) = 11*d(c) - 4*v(c). What is w(-6)?
9
Let z(k) = -2*k - 5. Let l = 42 + -38. Suppose -p - 4*u + 9 = 0, 2*u = l*p + 34 + 2. Determine z(p).
9
Let m be -1*2*(-2)/4. Let z(u) be the first derivative of -5*u**3/3 - u + 244. What is z(m)?
-6
Let h(g) = -g**3 - 7*g**2 - 7*g - 2. Let t be h(-6). Let n be (1/(-2))/((-2)/8). Let k(u) = 0 - 5*u + 0 + u**2 + n. Calculate k(t).
-2
Suppose 4*j = -4*f + 2*j - 6, -2*f = -4*j + 18. Let z be (-81)/(-12) + f/(-12). Let m(u) = -6 - 5*u + 14*u + z. Give m(-1).
-8
Let v(w) = w**3 + 7*w**2 + 4*w - 9. Let c be v(-6). Let g(s) be the second derivative of -s**3/6 + 3*s**2/2 